= 0. Is v a composite number?
True
Suppose -u = -5*d - 10, 10 = -6*u + 2*u - 5*d. Suppose u = -2*l + 2*s + 300, 47 + 78 = l + 4*s. Is l a prime number?
False
Suppose 0 = 34*x - 35551 - 52135. Is x a prime number?
True
Let z be -2 - (-4 - -2 - 0). Let w(q) = q**2 - 2*q + 143. Is w(z) prime?
False
Let s(q) = -21*q**2 - 8*q + 8. Let n be s(-9). Let m = n - -5556. Is m a prime number?
False
Let h(s) = 108*s + 139. Is h(28) prime?
True
Suppose -588020 - 55777 = -63*h. Is h composite?
True
Suppose 5*p - 9984 - 90821 = 0. Is p prime?
True
Let s = 367 + -312. Is s prime?
False
Let c = 58 - 64. Is (-12)/(-9) + (-25510)/c a prime number?
True
Let z be ((-10)/(-4))/((-4)/(-8)). Suppose z*n - 258 = n - 5*r, -2*n + 2*r + 138 = 0. Is n prime?
True
Suppose -r + 4 = 2*r + k, -4*r + 9 = 5*k. Let d(c) = -5*c**2 + 5*c + 7*c**2 - c**3 - r + 0. Is d(-5) prime?
True
Suppose 2*a + 0*a - 3*b = -3, 3*b - 21 = -4*a. Suppose -a*m = -519 - 492. Is m a composite number?
False
Let g be 10/65 + 102120/390. Let p be (68/6)/((-4)/(-30)). Let o = g + p. Is o prime?
True
Let l(m) = 6*m + 1 + 18*m + 9*m. Is l(6) a prime number?
True
Suppose -4*j - 5 = 2*w - j, -w = 2*j + 1. Let o = -9 - w. Is 3/(o*3)*-718 a prime number?
True
Let g(i) = -i**3 - 5*i**2 + 8*i + 7. Let z be g(-6). Let c(n) = -n**3 - 4*n**2 + 4*n - 3. Let y be c(z). Is 7 + -10 - (-764)/y a composite number?
False
Let d(y) = -26*y - 8. Let k(h) = -53*h - 17. Let a(o) = -5*d(o) + 3*k(o). Is a(-6) a composite number?
False
Suppose 22*m + 33178 - 139548 = 0. Is m prime?
False
Suppose 0 = h - 4 + 7. Let d = h + 95. Is (10/(-20))/((-2)/d) prime?
True
Is (703/(-111))/(3/(-2799)) a prime number?
False
Suppose 0 = 11*m - 70853 - 548. Is m a prime number?
True
Let y = -155 - -1516. Is y a composite number?
False
Let h(x) = -x + 7. Let m be h(7). Suppose 0 = 3*z - 2*n - 9, m = -4*z + 2*z + 4*n - 2. Suppose -132 = -4*g - 3*i - i, -z*g - 2*i + 177 = 0. Is g composite?
False
Suppose 4*o = a + 6, -o - 27 = -8*a + 3*a. Let k(m) = 9*m**2 - 7*m - 8. Let r be k(a). Suppose -2*t = 4*w - 442, 2*t + w = 168 + r. Is t a composite number?
True
Let x be 3*591/(-9)*-1*1. Suppose -5*k + 662 = x. Is k prime?
False
Let z = -107 - -150. Suppose -1030 - z = -m. Is m a composite number?
True
Let z(u) = -88*u + 3. Let d(b) = -44*b + 2. Let r(g) = -7*d(g) + 3*z(g). Let n = -13 - -21. Is r(n) composite?
False
Suppose -64*a + 61*a = -3*r + 44910, 4*r = 2*a + 59882. Is r a prime number?
False
Let z = 2363 - 1620. Is z a composite number?
False
Suppose 0 = a + 5*q - 1089, 2047 = 4*a - 2*q - 2243. Suppose -5*g = 3*p - 5260, 4*g - 3*g - a = -5*p. Is g a prime number?
True
Let o(r) = r**2 - r - 186. Let z be o(0). Let t = z + 313. Is t prime?
True
Let g = 9744 + -6805. Is g a composite number?
False
Suppose 2*u - 12 = 2710. Is u prime?
True
Let q = -14031 + 24812. Is q composite?
False
Suppose -2*d = -3*u - 240, 74 = -4*u - 4*d - 246. Is (5195/(-20))/(4/u) a prime number?
False
Let o(l) = -2136*l + 737. Is o(-17) prime?
True
Let j(v) = v**3 - 15 + 13*v - v**2 - 11*v + 18*v**2. Is j(-13) prime?
False
Let w = -30728 + 48247. Is w a composite number?
False
Let p = 50 + 537. Let z = 2486 + p. Is z a prime number?
False
Suppose -6*q - 36 = -2*q. Let h = -7 - q. Suppose h*x = 31 + 35. Is x prime?
False
Suppose 0 = -n + 3*x + 11, -6*x + 3*x = 3*n - 9. Suppose -n*p + 20 = 0, -2*p + 0*p + 4 = -4*v. Is (-3 + 4)/(v/67) prime?
True
Let r(o) = 648*o**3 - o**2 - 3*o - 1. Is r(2) a prime number?
False
Suppose -4*j - 2 = -5*x, 5*j - 8 = j. Suppose x*w = -w + 4722. Is w/10 + 6/(-15) a composite number?
False
Let o(c) = -3*c + 10. Let h be o(4). Let l be h*((-4)/8 - 1). Suppose 618 = l*v + 3*x, 78 - 484 = -2*v - 4*x. Is v composite?
True
Suppose -4*p - 8 = -5*p. Suppose 4 = 4*b + p. Let t(s) = -114*s - 1. Is t(b) prime?
True
Suppose 5*j - 498807 = u, -4*j + 3*u = -382210 - 16840. Is j prime?
True
Let v = 1832 + 8175. Is v prime?
True
Suppose 0 = 13*f - 27*f + 1302. Let t = 316 + f. Is t prime?
True
Is ((-2)/(-10))/((-5)/(-1892200)*8) prime?
True
Suppose 5*n - 5*a = 8*n - 145, 5*n + 5*a - 225 = 0. Suppose -593 = -7*d - n. Is d composite?
False
Suppose -17*h + 143638 = -13*h - 2*f, -f = 3*h - 107736. Is h a prime number?
True
Let d(h) = 2*h + 16. Let x be d(-5). Suppose -x*f + 3265 = -f. Is f a prime number?
True
Let b(m) = 8794*m + 9. Is b(1) a composite number?
False
Let j = 205 - -285. Let b be (j + 0 - 2) + -4. Let q = 861 - b. Is q a prime number?
False
Suppose 11*a = 5*a + 12990. Is a a prime number?
False
Let a(k) = 26024*k**2 + 3*k - 4. Is a(1) composite?
True
Suppose -3*a - 4 + 13 = 0. Suppose -v + 4*v + 4 = 2*k, 5*k - 5*v - 10 = 0. Suppose -a*l = k*l - 75. Is l prime?
False
Suppose -9*q = -2286 - 801. Let r = q + -230. Is r a composite number?
False
Is ((-39656)/(-12))/(-5 + (-119)/(-21)) prime?
True
Let c be (-2)/(3 + 38/(-14)). Let l(m) = m + m**3 - 2*m + 163*m**2 - 151*m**2 - 5. Is l(c) composite?
True
Let n(v) = -183*v - 41. Is n(-32) prime?
False
Let d(a) = a**2 + 8*a + 12. Let c be d(-8). Let h(q) = 19*q - 28. Let v(o) = -1. Let p(r) = h(r) - 5*v(r). Is p(c) a composite number?
True
Suppose -2*g + 10 = 4*z, 5*g = -0*z + 2*z + 49. Let b = 9 - g. Is b + 3/(9/159) composite?
False
Let m(s) = 4*s**2 - 36*s + 411. Is m(19) a prime number?
True
Let p be 576/(-10) - (-3 - (-34)/10). Let d = p - -62. Is d a prime number?
False
Suppose 2*b = -3*l + 7*b + 37, 5*l = -b + 15. Suppose l*g - 5*y = -y + 344, g + 5*y = 92. Is g composite?
True
Suppose 0 = 23*u - 16*u - 15421. Is u prime?
True
Let i(v) = 64*v**2 + v - 5. Let g(n) = 64*n**2 + 2*n - 6. Let s(m) = -2*g(m) + 3*i(m). Let f be (-3*(-7 - -6))/(6/4). Is s(f) prime?
True
Suppose 3*y + 36 = -21. Is 2/y - 214965/(-171) prime?
False
Suppose -8*d + 68 = -10*d. Let z = 83 + d. Is z prime?
False
Let x(o) = -o**3 + 28*o**2 - 2*o - 21. Is x(-20) a composite number?
False
Is 1*4 - (-2423 - -16) a prime number?
True
Is ((-2)/(-8))/((186/(-2008536))/(-31)) prime?
True
Let z = 481 - -7512. Is z a composite number?
False
Let v be 1/(-6)*8*123. Let r = 987 - v. Is r prime?
True
Let n = -57 - -55. Let j = -6 - -11. Is (1 + n/j)*5 a composite number?
False
Suppose -40*p + 436004 = 124044. Is p a prime number?
False
Suppose -3*a + v = -15148 - 1246, -4*v + 21864 = 4*a. Is a composite?
True
Let s(l) = 6096*l - 139. Is s(15) a prime number?
False
Let q(u) = u**2 - 15*u - 12. Let t be q(16). Suppose t*o + 2*d = 770, 411 + 365 = 4*o + 4*d. Is o a prime number?
True
Let q = -31 - -29. Let w be 4 + 2 + q + -2. Suppose -1305 = -4*v - s, w*v + 3*s - 261 - 384 = 0. Is v composite?
True
Let x = -3310 + 6329. Is x a prime number?
True
Let d(o) = 16976*o + 211. Is d(2) prime?
False
Let j(n) = -21*n + 59. Suppose 3*z + 48 = -12. Is j(z) prime?
True
Let u = -11 - -16. Suppose 4 = -4*a - 0*a + 4*r, 3*a - 2*r = -u. Is ((-4688)/48)/(1/a) composite?
False
Suppose 13*b + 5*t = 10*b + 50560, 4*t = b - 16859. Is b a composite number?
True
Let p(f) = -f**2 + 10*f - 4. Let m be p(9). Suppose -4*x + m*x - 61 = 0. Suppose -66 = -o + x. Is o prime?
True
Let a(j) = 211*j**2 - 1 - 3 + 2 + 7 - j. Is a(3) a composite number?
False
Let u be ((-12)/15)/((-1)/(-15)). Is 383 - -6*8/u prime?
True
Let p = 14 + -8. Suppose -n - p = 2*n. Let s(x) = 95*x**2 + 1. Is s(n) a prime number?
False
Suppose -7*z + 15*z = -32. Let o(l) = 179*l**2 - 3. Is o(z) a composite number?
False
Suppose -5*z + 2*z = 33. Let w(v) = -2*v**3 - 14*v**2 - 14*v + 15. Let g be w(z). Suppose 8*p = 5*p + g. Is p a prime number?
True
Is 7545 + -6 - 9 - 8 composite?
True
Suppose 0 = -2*u - 10, -2308 = -3*q + 5*u - 3*u. Let z = q - 484. Is (z - 8)/(0 - -1) a prime number?
False
Let v be (-1 + 2)/(2/4). Let j be (-4)/4*(v - 9). Is (1/2)/(j/126) composite?
True
Let b be (3 + 0)*688/24. Suppose -3*m + b = -2737. Suppose 3*c = -5*i + m, c + 3*i = -c + 626. Is c composite?
False
Let l be ((-2)/6)/(2260/(-2256) + 1). Let u be 1/((-2)/((-4)/2)). Is l/u - (7 + -10) a prime number?
True
Suppose 0 = -4*t - 12, -8*x - 18 = -11*x + t. Suppose -x*u = -11816 + 3351. Is u composite?
False
Let b = 2094 - -879. Is b a composite number?
True
Suppose -14*t + 7268 = -10*t. Is t prime?
False
Let j(d) = -32*d**3 + 4*d - 1. Let h = -58 + 55. Is j(h) composite?
True
Suppose 7004 + 4244 = 4*f. Suppose 6*d - 8126 = f. Is d a 